85?
5
What is the ten thousands digit of 42367?
4
What is the thousands digit of 20107?
0
What is the ten thousands digit of 18520?
1
What is the thousands digit of 3265?
3
What is the units digit of 8119?
9
What is the thousands digit of 1744?
1
What is the units digit of 52620?
0
What is the thousands digit of 7416?
7
What is the tens digit of 653?
5
What is the tens digit of 1325?
2
What is the tens digit of 1036?
3
What is the hundreds digit of 3691?
6
What is the hundreds digit of 35910?
9
What is the thousands digit of 1793?
1
What is the tens digit of 34673?
7
What is the tens digit of 22183?
8
What is the thousands digit of 77192?
7
What is the tens digit of 810?
1
What is the thousands digit of 11992?
1
What is the tens digit of 144593?
9
What is the hundreds digit of 267?
2
What is the units digit of 69598?
8
What is the thousands digit of 7127?
7
What is the ten thousands digit of 17828?
1
What is the hundreds digit of 16679?
6
What is the thousands digit of 2430?
2
What is the thousands digit of 5627?
5
What is the hundreds digit of 209?
2
What is the hundreds digit of 998?
9
What is the ten thousands digit of 21217?
2
What is the tens digit of 17196?
9
What is the thousands digit of 12141?
2
What is the units digit of 99000?
0
What is the hundreds digit of 16770?
7
What is the tens digit of 211?
1
What is the units digit of 973?
3
What is the hundreds digit of 3921?
9
What is the tens digit of 3948?
4
What is the hundreds digit of 557?
5
What is the tens digit of 1872?
7
What is the units digit of 608?
8
What is the units digit of 337?
7
What is the tens digit of 2676?
7
What is the units digit of 102779?
9
What is the tens digit of 173?
7
What is the tens digit of 1065?
6
What is the units digit of 127?
7
What is the units digit of 1420?
0
What is the hundreds digit of 365?
3
What is the tens digit of 3856?
5
What is the tens digit of 5982?
8
What is the units digit of 3600?
0
What is the ten thousands digit of 13291?
1
What is the tens digit of 554?
5
What is the tens digit of 842?
4
What is the tens digit of 1389?
8
What is the tens digit of 6025?
2
What is the units digit of 17893?
3
What is the tens digit of 19602?
0
What is the hundreds digit of 172?
1
What is the tens digit of 1146?
4
What is the hundreds digit of 3384?
3
What is the ten thousands digit of 13941?
1
What is the units digit of 34220?
0
What is the hundreds digit of 159?
1
What is the hundreds digit of 6468?
4
What is the thousands digit of 2461?
2
What is the tens digit of 803?
0
What is the tens digit of 123770?
7
What is the hundred thousands digit of 115780?
1
What is the thousands digit of 1452?
1
What is the thousands digit of 1061?
1
What is the tens digit of 438?
3
What is the units digit of 552?
2
What is the thousands digit of 7002?
7
What is the tens digit of 13861?
6
What is the hundreds digit of 853?
8
What is the units digit of 5004?
4
What is the hundreds digit of 547?
5
What is the tens digit of 26677?
7
What is the tens digit of 25010?
1
What is the thousands digit of 3371?
3
What is the thousands digit of 1534?
1
What is the units digit of 83434?
4
What is the hundreds digit of 443?
4
What is the units digit of 128?
8
What is the hundreds digit of 465?
4
What is the thousands digit of 2081?
2
What is the tens digit of 1471?
7
What is the hundreds digit of 15750?
7
What is the hundreds digit of 35503?
5
What is the units digit of 9675?
5
What is the tens digit of 808?
0
What is the ten thousands digit of 20558?
2
What is the thousands digit of 12592?
2
What is the hundreds digit of 2511?
5
What is the thousands digit of 3832?
3
What is the thousands digit of 78836?
8
What is the hundreds digit of 352?
3
What is the hundreds digit of 1712?
7
What is the tens digit of 4246?
4
What is the units digit of 2585?
5
What is the thousands digit of 10391?
0
What is the thousands digit of 12008?
2
What is the tens digit of 1548?
4
What is the tens digit of 1545?
4
What is the units digit of 271?
1
What is the tens digit of 10515?
1
What is the units digit of 488?
8
What is the hundreds digit of 7620?
6
What is the tens digit of 62688?
8
What is the thousands digit of 39826?
9
What is the hundreds digit of 21132?
1
What is the tens digit of 1281?
8
What is the thousands digit of 88242?
8
What is the hundreds digit of 1142?
1
What is the units digit of 1307?
7
What is the hundreds digit of 1427?
4
What is the thousands digit of 23180?
3
What is the tens digit of 840?
4
What is the tens digit of 9284?
8
What is the units digit of 983?
3
What is the hundreds digit of 382?
3
What is the ten thousands digit of 15748?
1
What is the units digit of 5202?
2
What is the hundreds digit of 202960?
9
What is the ten thousands digit of 25068?
2
What is the units digit of 6592?
2
What is the tens digit of 376?
7
What is the hundreds digit of 94467?
4
What is the tens digit of 168175?
7
What is the thousands digit of 25014?
5
What is the thousands digit of 121077?
1
What is the hundreds digit of 1203?
2
What is the units digit of 6568?
8
What is the units digit of 85979?
9
What is the hundreds digit of 403?
4
What is the units digit of 118078?
8
What is the tens digit of 148777?
7
What is the units digit of 9751?
1
What is the units digit of 2799?
9
What is the tens digit of 2525?
2
What is the ten thousands digit of 52254?
5
What is the units digit of 73129?
9
What is the hundreds digit of 1106?
1
What is the thousands digit of 3427?
3
What is the units digit of 9501?
1
What is the thousands digit of 3778?
3
What is the ten thousands digit of 16658?
1
What is the thousands digit of 27186?
7
What is the hundreds digit of 3542?
5
What is the hundreds digit of 696?
6
What is the thousands digit of 1319?
1
What is the ten thousands digit of 10086?
1
What is the hundreds digit of 22795?
7
What is the ten thousands digit of 149238?
4
What is the hundreds digit of 10359?
3
What is the tens digit of 7836?
3
What is the thousands digit of 10573?
0
What is the ten thousands digit of 41194?
4
What is the tens digit of 4224?
2
What is the thousands digit of 4705?
4
What is the thousands digit of 4024?
4
What is the thousands digit of 1614?
1
What is the units digit of 12516?
6
What is the tens digit of 17061?
6
What is the thousands digit of 19479?
9
What is the tens digit of 1811?
1
What is the hundreds digit of 38376?
3
What is the thousands digit of 33654?
3
What is the thousands digit of 1222?
1
What is the tens digit of 58615?
1
What is the ten thousands digit of 80084?
8
What is the tens digit of 8396?
9
What is the tens digit of 5664?
6
What is the thousands digit of 13759?
3
What is the units digit of 30392?
2
What is the tens digit of 258?
5
What is the tens digit of 29634?
3
What is the tens digit of 1760?
6
What is the units digit of 92291?
1
What is the hundreds digit of 10576?
5
What is the tens digit of 1374?
7
What is the hundreds digit of 3382?
3
What is the hundreds digit of 25157?
1
What is the units digit of 486?
6
What is the tens digit of 7680?
8
What is the units digit of 739?
9
What is the hundreds digit of 1000?
0
What is the ten thousands digit of 37404?
3
What is the hundreds digit of 4395?
3
What is the tens digit of 15466?
6
What is the hundreds digit of 2694?
6
What is the units digit of 4806?
6
What is the hundreds digit of 6531?
5
What is the tens digit of 4605?
0
What is the hundreds digit of 2970?
9
What is the hundreds digit of 9785?
7
What is the ten thousands digit of 37279?
3
What is the units digit of 21?
1
What is the hundreds digit of 6006?
0
What is the thousands digit of 2199?
2
What is the hundreds digit of 9520?
5
What is the tens digit of 219?
1
What is the tens digit of 1537?
3
What is the thousands digit of 3749?
3
What is the hundreds digit of 855?
8
What is the hundreds digit of 27500?
5
What is the tens digit of 3127?
2
What is the hundreds digit of 975?
9
What is the thousands digit of 11140?
1
What is the tens digit of 1532?
3
What is the ten thousands digit of 119053?
1
What is the ten thousands digit of 48340?
4
What is the tens digit of 355?
5
What is the thousands digit of 14894?
4
What is the thousands digit of 1959?
1
What is the tens digit of 1023?
2
What is the units digit of 3986?
6
What is the units digit of 2124?
4